
What is 2 + (-3 + 2 - 5) + 4?
0
Calculate -318 - -331 - (27 + 1).
-15
What is the value of (-8 - 12) + (2 - -11)?
-7
What is the value of -9 - (-6 + 7 + -24)?
14
Evaluate -21 - 1 - (775 + -794).
-3
Evaluate -40 + 0 + -1 - -20.
-21
Evaluate 25 + 9 - 9 - 47.
-22
What is the value of -9 + 9 + 25 + -12 - 20?
-7
What is the value of -21 - -34 - ((-1 - 1) + 12 - 2)?
5
Evaluate -5 + (6 - 20 - -2) - (-2 + -6).
-9
Evaluate 31 + -33 + 7 + (3 + -6 - 3).
-1
What is the value of 4 - 1 - (5 + -1 + -7)?
6
What is the value of -5 + 3 + 2 + (13 - (5 - 1))?
9
Calculate (-4 - 0) + (-12 - (-4 - 4)).
-8
Calculate -218 + 211 + (-1 + 1 - 2) + 13.
4
Evaluate 9 + -8 + -5 - (56 + -66).
6
Evaluate 13 + (-26 - (-15 + 19)) + 47.
30
-14 + (24 - (32 - 2))
-20
Evaluate -247 + 237 + (-1 - -18).
7
(-15 - (-27 - (10 + -9))) + -25
-12
Evaluate 36 - 57 - (-1 - 41).
21
What is 33 + -22 - (1 + -2)?
12
Evaluate (2 - 43 - -21) + 27.
7
Evaluate (9 - (-1 + 6)) + (12 - 14).
2
What is (-13 - -15 - 4) + -6 + 18?
10
-421 + 418 + (2 + -2 - -24)
21
Calculate -24 + 14 + (14 - 25).
-21
Evaluate 3 - (-1 - 0 - (-15 + 38 + -53)).
-26
What is -9 + 17 + -10 - (3 + (12 - -5))?
-22
What is the value of 17 + (-5 - -18) - (9 + -6)?
27
What is (26 - (-25 + 41)) + -13 + 1?
-2
What is the value of 22 + -13 + (-18 - -17)?
8
Evaluate 0 + (11 - (-2 - -7)) - (9 + 11).
-14
What is the value of -9 - (3 - (-9 + 30))?
9
What is (9 - (1 + 2)) + (50 - 36) + -22?
-2
0 + -10 + 14 + (4 + -3 - -3)
8
What is (-7 - -7) + (0 - (2 + 2) - -13)?
9
What is the value of 64 + 19 + -41 - 23?
19
Calculate -8 + (2 - -7) - 6.
-5
What is (5 + -15 - -16) + (-7 + 5 - -4)?
8
Calculate -23 + 12 + (-12 - 4) - -9.
-18
Calculate -30 - (-2 + 2) - (12 + -66 - -61).
-37
-211 - -190 - (2 + -17)
-6
-23 - (10 + (-9 - -13) - 23)
-14
What is 0 + 5 + -9 + 8 - (3 - -9)?
-8
Evaluate (-304 - -268 - (-1 + -17)) + 26.
8
33 + (-40 - -17) + -17 + 1
-6
What is -2 + 9 + -10 + 13 + -5 + -9?
-4
-1 + 40 + -4 + -18 + 14
31
What is the value of 7 + -34 + 14 + (-1 - -30)?
16
What is -21 + -14 + 37 + 19?
21
Evaluate -1 + (-8 - (-1 - -16)) + 8.
-16
What is -24 + 28 + -3 + -4?
-3
Evaluate (-34 - 17) + 51 - (-10 + -1).
11
What is the value of 1 + (9 - (-31 + 10 - -7))?
24
What is 0 - ((0 - -4) + -4) - (18 - 16)?
-2
What is 25 + (-2 - -5 - (-8 + 7 + 5))?
24
Calculate -2 + 8 + 2 + 7 + -28.
-13
What is -1 - 28 - (-5 + 5 - (3 + -3))?
-29
-2 + -5 + -4 + 0
-11
Evaluate 1 - (15 + -6 - (-6 + 22)).
8
What is 10 - (-7 + (11 - (9 + -12 - -1)))?
4
What is the value of 29 + -27 - (0 + (3 - 9))?
8
Evaluate -16 - (-17 - (-16 - 5)).
-20
What is -9 - (-9 + 2) - (-4 - (0 - -29))?
31
Calculate (-35 - -30 - -30) + -38.
-13
Evaluate 4 + 4 + (8 - 0) + -8.
8
What is the value of (129 - 122) + 1 + -2 + -10?
-4
What is -33 - -13 - -15 - (4 - (3 - -6))?
0
What is the value of -5 - (-10 + 15 + -19)?
9
-21 + (-21 + 32 - 7)
-17
Evaluate -125 + 131 - (-1 + 9).
-2
Evaluate 1 - ((16 - 26) + -3).
14
What is the value of -11 + (-8 - -12) + -17 + 3?
-21
3 + -5 + (9 - 6) - -9
10
Evaluate (1 - -1) + (5 - -6 - -2 - -1).
16
Calculate 17 + -20 - -8 - (-2 - -1).
6
Evaluate 13 + -27 + 19 + -10.
-5
What is the value of -7 - (-14 + 9 + -8 + 15 + -7)?
-2
Calculate -9 + (15 - -3) - ((-13 - 6) + -4).
32
What is the value of (1 - -1) + (-1 - (-7 - -3))?
5
15 + (-35 - -10) - (0 - -2 - 0)
-12
Evaluate (3 - (18 + -14)) + (4 + -2 - -2).
3
What is the value of 0 + (10 - 24) + -9 + 7?
-16
Evaluate -12 + (14 + 3 + -29 - -13).
-11
What is -2 - ((7 - 14) + 3 + 5) - 15?
-18
What is (77 - 1) + -76 - (-2 + 1)?
1
What is -1 - (5 - (-5 + 20))?
9
Evaluate 7 + -19 + 25 + 0 + -22.
-9
Calculate 2 + (-23 - -19) + 7.
5
(-24 + 10 - -17) + -11
-8
3 - (5 - 12 - 2 - -7)
5
35 - ((45 - 64) + 83)
-29
5 - (10 + -4) - -6 - (8 - -1)
-4
-21 + -11 + (-1 + 2 - -15)
-16
What is the value of 110 + -121 + -2 + 2?
-11
What is the value of (0 - 0) + -4 - (-56 + 24 + 26)?
2
Evaluate 8 - (2 + -3) - 10 - 9.
-10
What is the value of -1 + (1 + 34 - (-18 + 64 - 43))?
31
Evaluate 29 + (11 + -18 - 4).
18
Calculate 9 + 2 + (17 - 29).
-1
What is 3 + 3 + (-12 - -3) + 4 + 20?
21
Evaluate 2 + 1 + 0 + -1 + -17.
-15
What is the value of -20 + 39 - (33 - 12)?
-2
Evaluate -34 - (-20 + 52 + -40).
-26
What is (-9 + 1 - -46) + -58?
-20
141 - 135 - (7 - 2)
1
Evaluate -6 - (17 - 18) - (-2 + -2).
-1
Evaluate -7 - 2 - -5 - (-39 - -27).
8
Evaluate -183 - -206 - (0 - -12).
11
4 + -15 + 38 + -25
2
-193 + 205 + -1 + (-30 - -3)
-16
Calculate (16 - 11) + (-16 - -11).
0
4 - (12 - (-16 + -3)) - -8
-19
What is the value of 14 + -41 + -17 + 31?
-13
Evaluate 1 - (2 + (2 + 2 - (37 - 35))).
-3
Calculate -21 - ((27 - 10) + -37).
-1
Calculate (-3 - -4 - (34 + -40)) + 10 + 5.
22
What is the value of (-19 - (23 + -15 - 20)) + -1 + -3?
-11
Evaluate 1 - 3 - (-985 + 1004).
-21
Calculate (45 - 38) + (1 - -3) - -1.
12
What is the value of (7 - (-1 + (-1 + -4 - -30))) + 5?
-12
Calculate -22 + 38 - (3 - 7 - -11).
9
44 - (51 + -35) - 24
4
-11 + -4 + (15 - 3) + -3
-6
What is 5 - -1 - ((3 - 1) + -16)?
20
What is (1 - -16) + -35 + -11 + 53?
24
Evaluate 3 + 1 + -3 - (-11 - -19 - 6).
-1
Evaluate (-9 - -7) + 6 - (-1 + -2).
7
What is (30 + -24 - (0 - -3)) + -7 + -11?
-15
0 + 26 + (-4 - -1 - 6)
17
Evaluate 6 - (19 + -34 + -1).
22
What is 3 + (-4 - 10) + 9?
-2
Calculate 20 - 21 - -5 - 6.
-2
Evaluate 13 + -5 + 0 - (7 + -2) - 3.
0
What is -2 - -6 - (-5 + 12 + -14)?
11
What is 2 + (18 - 18) + -19?
-17
What is 4 + 1 - 7 - (-4 - -9)?
-7
Evaluate -39 - ((31 - 20) + -74).
24
Calculate (-4 - -7) + 8 - 2 - 18 - 7.
-16
What is 23 - (-2 - (1 - 4))?
22
Evaluate 0 + (-8 - -5 - 4).
-7
What is the value of -8 - (-2 + 11 - 9)?
-8
What is -22 + 2 + (0 + -13 + 16 - 6)?
-23
Calculate 9 - (13 - (11 - (9 - 7))).
5
4934 - 4961 - (-12 + (4 - (0 - -2)))
-17
Calculate 5 + (-1 + 5 - (2 - (13 - 19))).
1
What is -12 - -21 - (-59 + 50)?
18
Evaluate 1 - (12 + -10 - 11) - 8.
2
Evaluate 19 - (-13 + 39) - (37 - 5 - 3).
-36
Evaluate (21 + -2 - 2) + (122 - 106).
33
What is the value of 2 - 2 - (-6 + 23 + 3)?
-20
What is the value of (8 - -5) + -8 + -10 + 1?
-4
(-18 + 15 - -4) + -6
-5
4 + (-28 - -33) + 1 + -7
3
Evaluate -20 - -1 - (-287 + 288).
-20
Calculate -31 + 25 + -4 - (-29 - -2).
17
Calculate 20 + -2 + -5 + -3.
10
Calculate ((-10 - 0) + 6 - 1) + -3 - 3.
-11
Evaluate -22 - 11 - (2 - 5 - 2).
-28
Calculate 6 - (-15 + 16 + -7).
12
What is (2 - -2) + 3 + 1 + -9 + 1?
0
What is the value of -16 + (-10 - ((3 - -7) + -11 + 0))?
-25
-70 + 45 + 26 + -5
-4
What is the value of 28 + -2 + (-42 - -26)?
10
What is the value of -1 + 1 + (-3 - -5) + (4 - 8)?
-2
What is the value of -29 + -68 + 98 - (1 + -10 - 0)?
10
Evaluate -15 - (4 + (-26 - -16)) - 11.
-20
Calculate (0 - -2) + 4 - (19 + (50 - 58)).
-5
Calculate 1 + -10 - (-2 + -13 - 1).
7
Evaluate -236 + 226 + 25 + 0.
15
What is the value of 3 - (3 + 2 - (15 + 10 - 10))?
13
Evaluate 15 + -1 + -15 + -4.
-5
What is (2 - (13 + -4 - 5)) + 2 - -4?
4
-8 - (-34 - -19) - (3 + 4)
0
-39 - -1 - (58 + -102 + 35)
-29
Evaluate -22 + (-51 - (-73 - -33)).
-33
Calculate 95 - 105 - (0 - -4) - -9.
-5
-710 + 715 - (-2 + 0 + -7)
14
-73 - -74 - (-2 + 4 - -2)
-3
What is -14 - (-1 - (14 + -12))?
-11
-3 + -1 + (-25 + 26 - (0 - -1))
-4
-3 - (-5 - 15 - -8) - (-1 - 5)
15
Evaluate 15 + -18 + -11 - (3 + 1) - -7.
-11
Calculate (-2 - 14) + -8 + 8 + 3.
-13
-4 - 1 - (1 + (21 - (15 + -8)))
-20
What is the value of 9 + 0 - (-4 + (-10 - -23 - 7))?
7
Calculate (8 - 7) + 22 + -16.
7
Calculate 21 + -22 + 4 + -19.
-16
What is the value of (-4 - (-13 + -11)) + (1 - 12)?
9
What is the value of (1 - -8) + (15 + -41 - -14)?
-3
-16 + 24 - (11 - (-27 + 12))
-18
Calculate (10 - (-9 - -7)) + -9.
3
What is (1 + 7 - 1) + 25 + -30?
2
(24 - -12) + -50 - (4 - 0)
-18
14 + -20 - -50 - 29
15
Evaluate -9 + -10 + (-2 - -8 - 6).
-19
What is the value of 49 + 0 + -41 + 1 + -8 - 15?
-14
Calculate -7 - (-2 - ((-11 - -4) + 8)).
-4
Evaluate -16 + 53 - (24 - 11 - 0).
24
Calculate -15 + -1 + (425 - 405).
4
Calculate 39 + 4 + -178 + 144.
9
Evaluate 5 - (2 + (-1 - 3) - -19).
-12
What is the value of 12 + -11 + (1 - -15) + -7?
10
What is the value of 2 + -24 + 23 - (28 + -2)?
-25
Evaluate 16 - (11 - ((-5 + 9 - 10) + 10)).
9
What is (4 - (-10 - -13)) + 15?
16
-22 + -2 + 325 + -321
-20
What is 19 - (-9 - -19 - (12 + 5))?
26
What is the value of -1 + -4 - (8 + 6 + (-52